 + 3*y + 26. Let w(m) = 2*m**2 - m - 9. Let c(d) = -11*w(d) - 4*x(d). What is the remainder when c(-6) is divided by 15?
13
Let h(i) = -2*i**3 - i**2 + 2*i - 35. Let d be h(0). What is the remainder when 278 is divided by -2 + (4 - (d - 3))?
38
Let u(d) = -d**2 + 5*d - 7. Let v be u(10). Let h = v + 33. Let s = h + 49. What is the remainder when s is divided by 13?
12
Let d = -226 - -244. Calculate the remainder when 30 is divided by d.
12
Calculate the remainder when 525 is divided by ((-16)/1)/(5/(45/(-6))).
21
Let i be (-1)/2 - (-1644)/24. Let u = i + -66. What is the remainder when 9 is divided by u?
1
Let b(a) = a - 1. Let i(w) = w**2 - 5*w + 6. Let o be i(5). Let u be b(o). Let n = 15 - u. What is the remainder when 27 is divided by n?
7
Let y = -290 - -130. Let q = -65 - y. What is the remainder when q is divided by 49?
46
Let n(f) = -f**2 - 26*f - 42. Calculate the remainder when n(-24) is divided by 1.
0
Suppose 3*y = c - 20, 5*c - 40*y - 157 = -44*y. Calculate the remainder when -3 + -86*(1 - 2) is divided by c.
25
Let k(o) = -28*o - 1. Let n be -3 + (3 - -1) + -2. What is the remainder when k(n) is divided by 7?
6
Let k = -17 + 28. Suppose 0*r + 4*r = 4*h + 168, 4*h + 86 = 2*r. What is the remainder when r is divided by k?
8
Suppose 2*h - u = 1262, -5*h + 3*u = -1122 - 2035. Calculate the remainder when h is divided by 88.
13
Let j(t) = -10*t + 91. Calculate the remainder when j(-14) is divided by 59.
54
Suppose 4*h = 8*h - 5*m - 81, -53 = -2*h + 5*m. Let d(y) = 3*y**2 - 1 - 5*y**2 + 7*y**3 - y + 4*y. What is the remainder when d(2) is divided by h?
11
Suppose -259*b + 263*b - 200 = 0. What is the remainder when 548 is divided by b?
48
Let k(z) = -2*z - 4. Let i be k(-7). Calculate the remainder when 35/10*i - 1 is divided by 7.
6
Let h = 69 - 25. What is the remainder when h is divided by -12*(750/40)/(-25)?
8
Let m(n) = 7*n + 2. Suppose -34*b + 35 = 3*p - 33*b, -16 = 4*b. Calculate the remainder when m(3) is divided by p.
10
Let i(x) = 4*x. Suppose -u = 4*t - 4, -u - 3*u = -4*t + 4. Let a be i(t). What is the remainder when 86 is divided by 1/a + (-345)/(-12)?
28
Suppose 0 = 3*g - 9, 0*t = t + 5*g - 37. Let y = 29 - 21. Calculate the remainder when t is divided by y.
6
Suppose -171 = -5*v + 2*z, 0 = 5*v - 3*v + 2*z - 74. Let b be (3 - 1700/(-36)) + (-6)/27. Let m = b - v. Calculate the remainder when 72 is divided by m.
12
Let c = -74 - -125. Let n = -10 - -23. What is the remainder when c is divided by n?
12
Let m be ((-3)/2)/((-5)/10). Calculate the remainder when 63 is divided by m - (-21 + (1 - -1)).
19
Suppose -24 = -p - p. Suppose -s - 18 = 7*r - 2*r, -s + 3*r + 22 = 0. Calculate the remainder when p is divided by s.
5
Suppose 4*s - y - 372 = y, 4*s + 5*y = 372. Calculate the remainder when s is divided by 312/13 - ((1 - 1) + 0).
21
Let z = 57 - 38. Suppose -2*m = 34*s - 32*s - 10, -4*m - 5*s + 20 = 0. What is the remainder when z is divided by m?
4
Let m(g) = -7 + 0*g + g - g + 4*g. What is the remainder when 48 is divided by m(5)?
9
Let g = -2110 + 2569. What is the remainder when g is divided by 23?
22
Suppose h - 16 = -3*h. Suppose -225 = -178*d + 153*d. Calculate the remainder when d is divided by h.
1
Suppose 0*z - 29 = 5*z + 4*c, -5*z = -2*c + 53. What is the remainder when (-2)/z - (-340)/9 is divided by 10?
8
Suppose 3*v + 3*q - 51 = 6*q, -5*v + 55 = 5*q. Let x = -45 - -50. Suppose -6 = 2*g, k + x*g = 4*k - 96. What is the remainder when k is divided by v?
13
Suppose -6*y + y = -290. Suppose -4*u = -2*u - y. Let v = 693 - 678. Calculate the remainder when u is divided by v.
14
Suppose 3 + 2 = k. Suppose 3*j = 5*d + 44, 3*d + 44 = k*j + 2*d. Let v(c) = -c**3 + 9*c**2 - 5*c - 10. Calculate the remainder when v(j) is divided by 5.
4
Let a(j) = 22*j + 146. Calculate the remainder when a(0) is divided by 37.
35
Suppose 6*d + q + 231 = 7*d, 0 = 5*d + 3*q - 1139. What is the remainder when d is divided by 77?
75
Let n(d) = 2*d**3 - 10*d**2 + 5. Let p(w) = -w + 8. Let i be p(3). Calculate the remainder when 18 is divided by n(i).
3
Suppose 0 = -0*g + 3*g + 6, 0 = 4*c - 3*g - 706. What is the remainder when c is divided by 64?
47
Let i(n) = 2*n**2 - 39*n + 28. Calculate the remainder when 57 is divided by i(19).
3
Let j(g) = g**3 - 12*g**2 + 11*g + 11. Suppose -t + 0 = -11. Let b = -51 - -94. What is the remainder when b is divided by j(t)?
10
Suppose 4*i = x + 9 + 9, -i = x - 7. Let y be 20/(-50) - (-2)/i. Suppose n = -5*l + 29, 5*n = 3*l - y*n - 23. What is the remainder when 10 is divided by l?
4
Suppose -206 + 4396 = 10*y. What is the remainder when y is divided by 60?
59
Let l(o) = -o**2 + o. Let b be l(14). Let w = b - -97. Let c = w + 148. What is the remainder when c is divided by 22?
19
Let h be 3 - (-4 + 3/3). Let s = 10 - h. What is the remainder when 6 is divided by s?
2
Let y be (-30)/6 + 4 - -2. Let t = 94 - y. What is the remainder when t is divided by 24?
21
Suppose 0 = l + 18 - 47. Calculate the remainder when 85 is divided by l.
27
Suppose -4*f = 4, 4*f - 24 - 25 = -m. Suppose 75 = 56*y - m*y. What is the remainder when 93 is divided by y?
18
Suppose y + 64 = 5*g, -5*g - 3*y + 78 = 10. Suppose 0 = -a - 2 + 9. Suppose -4*f + a*f - 108 = 0. What is the remainder when f is divided by g?
10
Let m(a) = a**3 + 8*a**2 - 11*a - 9. Suppose -45 = 2*j + 3*j. Calculate the remainder when 23 is divided by m(j).
5
Suppose -r + 2*r - 147 = 0. Let y = 288 - r. Calculate the remainder when y is divided by 16.
13
Suppose -10*j = -4*j + 10*j. Suppose j = 17*v - 13*v - 108. Calculate the remainder when v is divided by 16.
11
Let v be (-1 + 2)*(-2 - -2). Suppose 2*r + 16 = 4*b, 0 = 4*r - 4*b + 1 + 11. Calculate the remainder when 7/((v + -2)/(-2)) is divided by r.
1
Let y = -165 + 257. Calculate the remainder when 178 is divided by y.
86
Let j = -78 + 78. Suppose 17*f - 13*f - 120 = j. Calculate the remainder when 114 is divided by f.
24
Suppose 0 = 22*m - 29*m + 973. What is the remainder when m is divided by 29?
23
Suppose -168 = -27*o + 6*o. Suppose 2*i + 3*i - 145 = 0. Calculate the remainder when i is divided by o.
5
Let g(f) = 16*f**3 - 3*f**2 + f + 1. Let c be g(1). Calculate the remainder when 143 is divided by 321/9 - (-5)/c.
35
Let p = 33 + -10. Suppose p + 157 = 12*i. Calculate the remainder when i is divided by 4.
3
Suppose 0 = -5*x + 160 + 105. What is the remainder when 740 is divided by x?
51
Let b = 221 - 181. What is the remainder when b is divided by 21?
19
Let l be (34 - 4)/((-3)/22). Let p = l - -346. Calculate the remainder when p is divided by 16.
14
Let l = 1221 + -1208. Suppose 336 + 16 = 4*r. Calculate the remainder when r is divided by l.
10
Suppose 0 = -21*q + 19*q + 5*i + 13, -5*q + 18 = 2*i. What is the remainder when 184 is divided by q?
0
Calculate the remainder when (2/(-3))/(1 + 114/(-108)) is divided by 5.
2
Suppose -2*j + 1875 = -327. What is the remainder when j is divided by 85?
81
Suppose -1 = 3*z + 5. Let w(p) = -3*p**2 + 6*p - 6. Let o be w(4). Calculate the remainder when (-25)/z*o/(-25) is divided by 8.
7
Let b be (1 - 1) + (-600)/(-15). Suppose 0 - b = 4*l. Let q = l - -22. Calculate the remainder when 21 is divided by q.
9
Calculate the remainder when 134 is divided by ((-34)/4 - (-7)/(-14))*-5.
44
Let l(a) = a - 6. Suppose 30 = 5*w - 10. Calculate the remainder when l(w) is divided by 1.
0
Let l be (-524)/(-3) - 3/(-9). Let v = -38 - -42. Suppose l = v*d + d. What is the remainder when d is divided by 12?
11
Let h(a) = 26*a + 437. What is the remainder when 1657 is divided by h(-16)?
19
Suppose -5*r + 3*p = -146, -2*r - 5*p + 0*p + 77 = 0. Calculate the remainder when 151 is divided by r.
27
What is the remainder when 51/34*116/6 is divided by 13?
3
Calculate the remainder when -1 + -2 - 13*3/(-3) is divided by (-3)/(81/(-24) - -3).
2
Suppose 0*g + 56 = 4*g. Suppose -17 = -2*m - 3. Calculate the remainder when 127/5 - g/35 is divided by m.
4
Suppose -2 + 155 = 4*j - 3*o, 0 = 3*j - 3*o - 114. Suppose 4*g - 20*x - 25 = -21*x, 3*g + 5*x = -11. Calculate the remainder when j is divided by g.
7
Let z(q) = 5*q + 46. Let c(v) = 5*v - 1. Let j be c(-1). Let o(i) = -i**3 - 4*i**2 + 6*i + 5. Calculate the remainder when o(j) is divided by z(-7).
8
Suppose 355 = 5*k + 5*n, 2*k + 3*k - 4*n 